 3251 a multiple of 4?
False
Is 11089 a multiple of 13?
True
Is 24271 a multiple of 103?
False
Does 13 divide 611?
True
Is 14 a factor of 648?
False
Is 152 a multiple of 23?
False
Is 2 a factor of 107?
False
Does 3 divide 228?
True
Is 50 a factor of 4012?
False
Does 177 divide 1467?
False
Does 58 divide 3306?
True
Does 23 divide 552?
True
Is 11 a factor of 3706?
False
Is 50347 a multiple of 29?
False
Does 18 divide 2368?
False
Is 22 a factor of 1862?
False
Is 16054 a multiple of 243?
False
Does 110 divide 15515?
False
Is 1804 a multiple of 58?
False
Is 7 a factor of 840?
True
Is 8476 a multiple of 13?
True
Does 20 divide 3900?
True
Is 5180 a multiple of 28?
True
Is 6816 a multiple of 8?
True
Is 57728 a multiple of 22?
True
Is 626 a multiple of 11?
False
Is 10 a factor of 830?
True
Is 8 a factor of 845?
False
Does 3 divide 828?
True
Does 12 divide 2888?
False
Is 7061 a multiple of 23?
True
Is 13 a factor of 158717?
True
Is 252 a multiple of 7?
True
Is 35868 a multiple of 6?
True
Is 10 a factor of 130?
True
Does 13 divide 520?
True
Is 592 a multiple of 74?
True
Is 9 a factor of 1674?
True
Does 12 divide 1272?
True
Is 67 a factor of 29614?
True
Does 16 divide 530?
False
Is 53 a factor of 477?
True
Is 216 a factor of 1728?
True
Is 3 a factor of 19?
False
Is 116 a multiple of 21?
False
Is 29 a factor of 551?
True
Is 29 a factor of 13710?
False
Is 53568 a multiple of 16?
True
Does 108 divide 3240?
True
Is 4969 a multiple of 77?
False
Is 3 a factor of 512?
False
Is 1129 a multiple of 29?
False
Is 3 a factor of 725?
False
Is 21 a multiple of 4?
False
Does 6 divide 1725?
False
Does 148 divide 42793?
False
Does 14 divide 770?
True
Is 11 a factor of 265?
False
Is 27 a factor of 1053?
True
Does 37 divide 221?
False
Is 32454 a multiple of 23?
False
Is 74 a factor of 12802?
True
Does 9 divide 3829?
False
Does 5 divide 290?
True
Is 2100 a multiple of 100?
True
Is 24 a factor of 26664?
True
Is 38 a factor of 190?
True
Is 7 a factor of 1239?
True
Does 55 divide 1298?
False
Is 19 a multiple of 19?
True
Is 201 a factor of 58318?
False
Is 25578 a multiple of 147?
True
Is 1863 a multiple of 14?
False
Is 23 a factor of 69966?
True
Is 68 a factor of 6528?
True
Is 998 a multiple of 6?
False
Is 150 a multiple of 13?
False
Does 2 divide 13406?
True
Is 9 a factor of 7416?
True
Is 984 a multiple of 24?
True
Does 7 divide 235?
False
Is 18 a factor of 3015?
False
Does 2 divide 396?
True
Does 5 divide 11985?
True
Does 125 divide 2500?
True
Is 111 a multiple of 6?
False
Is 20 a factor of 86?
False
Is 48 a factor of 211?
False
Is 2551 a multiple of 9?
False
Is 29 a factor of 1769?
True
Is 4860 a multiple of 36?
True
Does 15 divide 229?
False
Is 32 a factor of 189658?
False
Is 17417 a multiple of 80?
False
Is 7 a factor of 29569?
False
Is 14660 a multiple of 11?
False
Is 26 a factor of 2216?
False
Is 3 a factor of 22509?
True
Is 13 a factor of 7984?
False
Does 14 divide 11774?
True
Does 22 divide 793?
False
Is 32 a factor of 16027?
False
Is 68 a factor of 2770?
False
Is 3857 a multiple of 19?
True
Is 2246 a multiple of 13?
False
Does 26 divide 23140?
True
Does 20 divide 528?
False
Is 6 a factor of 7480?
False
Does 28 divide 2857?
False
Is 2596 a multiple of 118?
True
Is 126 a multiple of 11?
False
Is 93 a factor of 1460?
False
Is 4635 a multiple of 45?
True
Is 15 a factor of 22245?
True
Does 14 divide 21602?
True
Is 2864 a multiple of 151?
False
Is 231 a multiple of 58?
False
Is 7 a factor of 14371?
True
Does 5 divide 215?
True
Does 10 divide 2532?
False
Is 193 a factor of 17177?
True
Does 17 divide 374?
True
Is 16 a factor of 400?
True
Does 8 divide 1104?
True
Is 10005 a multiple of 145?
True
Is 60 a factor of 2082?
False
Does 119 divide 70240?
False
Does 18 divide 25164?
True
Is 242 a factor of 7558?
False
Does 76 divide 3876?
True
Does 10 divide 16870?
True
Does 8 divide 7679?
False
Is 53 a factor of 831?
False
Does 17 divide 11101?
True
Is 60079 a multiple of 178?
False
Does 8 divide 5812?
False
Does 22 divide 2156?
True
Is 23 a factor of 322?
True
Does 199 divide 6998?
False
Does 161 divide 15170?
False
Does 20 divide 3224?
False
Is 17 a factor of 442?
True
Is 14 a factor of 308?
True
Is 21 a factor of 1148?
False
Is 19 a factor of 285?
True
Is 54 a factor of 432?
True
Is 2681 a multiple of 73?
False
Is 19963 a multiple of 14?
False
Is 13 a factor of 711?
False
Is 65 a factor of 9442?
False
Is 41 a factor of 2008?
False
Does 39 divide 153?
False
Is 4227 a multiple of 141?
False
Is 3 a factor of 111?
True
Is 13 a factor of 624?
True
Is 18014 a multiple of 260?
False
Does 3 divide 752?
False
Is 14 a factor of 44906?
False
Is 17 a factor of 28050?
True
Is 1164 a multiple of 4?
True
Is 384 a multiple of 7?
False
Does 26 divide 151300?
False
Is 661 a multiple of 13?
False
Is 3 a factor of 370?
False
Is 36 a factor of 32267?
False
Is 28560 a multiple of 60?
True
Is 12451 a multiple of 9?
False
Does 81 divide 32289?
False
Does 11 divide 3375?
False
Is 865 a multiple of 12?
False
Is 37 a factor of 740?
True
Is 134 a factor of 670?
True
Is 55 a factor of 100540?
True
Is 106 a factor of 24592?
True
Is 4954 a multiple of 30?
False
Does 6 divide 1129?
False
Is 55 a factor of 495?
True
Is 16 a factor of 32?
True
Is 44 a factor of 748?
True
Is 77098 a multiple of 29?
False
Is 2561 a multiple of 3?
False
Is 169 even?
False
Does 41 divide 3967?
False
Is 39 a factor of 126087?
True
Is 50 a factor of 6799?
False
Does 15 divide 3045?
True
Does 12 divide 2604?
True
Is 33 a factor of 77352?
True
Is 44 a factor of 4708?
True
Is 29 a factor of 17487?
True
Does 11 divide 3168?
True
Is 23630 a multiple of 10?
True
Is 8959 a multiple of 17?
True
Is 261 a factor of 20358?
True
Is 18 a factor of 18?
True
Is 550 a multiple of 55?
True
Is 8 a factor of 21364?
False
Is 31 a factor of 5197?
False
Is 200 a factor of 49272?
False
Is 65 a factor of 3176?
False
Is 28 a factor of 4676?
True
Does 105 divide 2660?
False
Is 4 a factor of 3353?
False
Is 1557 a multiple of 10?
False
Does 49 divide 6371?
False
Does 130 divide 14144?
False
Does 18 divide 145?
False
Is 10496 a multiple of 128?
True
Is 7 a factor of 151?
False
Does 2 divide 1598?
True
Is 27 a factor of 297?
True
Is 684 a multiple of 19?
True
Does 353 divide 109417?
False
Is 4313 a multiple of 12?
False
Is 15 a factor of 118275?
True
Is 19 a factor of 431?
False
Is 16 a factor of 17?
False
Does 15 divide 1545?
True
Is 45 a factor of 141122?
False
Is 45 a factor of 900?
True
Is 821 a multiple of 28?
False
Is 31 a multiple of 2?
False
Is 14885 a multiple of 64?
False
Does 5 divide 554?
False
Is 166 a factor of 8798?
True
Is 301 a multiple of 3?
False
Does 94 divide 54802?
True
Is 13811 a multiple of 28?
False
Is 1574 a multiple of 13?
False
Does 24 divide 830?
False
Is 53 a factor of 53?
True
Is 12 a factor of 5090?
False
Is 469 a multiple of 5?
False
Is 8109 a multiple of 51?
True
Does 27 divide 108?
True
Is 67 a factor of 11125?
False
Does 2 divide 11674?
True
Is 43 a factor of 2451?
True
Is 45696 a multiple of 51?
True
Is 25975 a multiple of 203?
False
Is 5 a factor of 320?
True
Is 49 a factor of 42091?
True
Is 1236 a multiple of 45?
False
Is 54 a factor of 1090?
False
Is 74 a factor of 67562?
True
Does 7 divide 1229?
False
Is 82 a factor of 5768?
False
Does 12 divide 81060?
True
Is 38506 a multiple of 13?
True
Is 37935 a multiple of 5?
True
Is 9044 a multiple of 17?
True
Is 785 a multiple of 30?
False
Does 54 divide 23429?
False
Does 14 divide 42?
True
Does 22 divide 88?
True
Is 46 a factor of 5244?
True
Is 1156 a multiple of 34?
True
Is 4180 a multiple of 46?
False
Does 67 divide 27671?
True
Is 5448 a multiple of 12?
True
Is 637 a multiple of 13?
True
Is 13 a factor of 834?
False
Is 3669 a multiple of 35?
False
Is 35821 a multiple of 113?
True
Is 8 a factor of 35920?
True
Is 9 a factor of 1404?
True
Does 8 divide 1819?
False
Is 888 even?
True
Does 30 divide 1711?
False
Is 13 a factor of 7785?
False
Does 20 divide 61074?
False
Is 15 a factor of 1695?
True
Does 5 divide 115?
True
Does 17 divide 25245?
True
Is 9 a factor of 2628?
True
Is 6 a factor of 1638?
True
Does 6 divide 2808?
True
Is 784 a multiple of 16?
True
Is 24 a factor of 2221?
False
Is 270 a multiple of 6?
True
Does 12 divide 58?
False
Is 36708 a multiple of 42?
True
Is 13 a multiple